11*u(c). Let g be -2*4/8 + -5. What is x(g)?
15
Suppose -2*o = 5*l - 2 - 34, 15 = l + 3*o. Let q(i) = 88 + 4*i - 96 - 3*i. Determine q(l).
-2
Let t(g) be the third derivative of g**4/4 - g**3/6 + 246*g**2 + g. What is t(-5)?
-31
Let k(b) = 36 + 9*b**2 + b - 10*b**2 - 10 - 14 + b. Calculate k(-8).
-68
Suppose 5*h - 22 = -57. Let n(p) = 2*p + 10. Give n(h).
-4
Let l(m) = -m**3 + 6*m**2 - 2*m + 7. Let a be l(5). Let b(z) = 3*z - 4 + 48*z**2 - a*z**2 - 25*z**2. Let x = -11 - -7. What is b(x)?
0
Let y(p) = 3*p - 9. Let s be y(5). Suppose 4*u + 2 = l, 4*l - 4 = u + 4. Let g(o) = 1 + o + 5*o**l - s*o**2 - 1. Calculate g(2).
-2
Let x = -3 - -15. Let d be x/(-18) - (-8)/3. Suppose -3*o + d*o - 5*c - 14 = 0, 0 = c + 3. Let k(w) = 4*w**2 + 2*w - 1. Calculate k(o).
5
Let f(g) = g**3 - g**2 - 5*g - 4. Let d(y) = y - 3. Let r be d(1). Let n be f(r). Let t(u) = u + 1. What is t(n)?
-5
Let b = -116 + 110. Let h(p) = p**3 + 6*p**2 - 2*p - 8. Determine h(b).
4
Let h be (-84)/(-1) - 6/(-2). Suppose 4*x + 19 = h. Suppose -4*c + 3 = -x. Let u(q) = q**3 - 5*q**2 + 6. What is u(c)?
6
Let b(h) = h**2 + 5. Let o(j) = j**2 - 7*j + 6. Let t(q) = -2*b(q) + o(q). Determine t(-6).
2
Let d(x) = -16*x + 4. Let j(n) be the second derivative of -n**3/2 + n**2/2 + 8*n. Let s(l) = -2*d(l) + 11*j(l). Suppose -2*b = -4*b. Determine s(b).
3
Let i(x) = -5*x**3 - 16*x**2 - 4*x - 8. Let b be ((-2)/3)/((-14)/189). Let r(m) = m**3 + 4*m**2 + m + 2. Let c(k) = b*r(k) + 2*i(k). What is c(4)?
6
Suppose -4*l = -0*a + 5*a + 1, -5*l = 2*a - 20. Let v(j) be the second derivative of j**3/2 - 4*j**2 + 3275*j. What is v(l)?
10
Let x(t) be the second derivative of -t**3/2 + t**2/2 + 6*t. Give x(3).
-8
Let s(f) = -3 + 2*f**2 + 14 - 3*f - 9. Determine s(2).
4
Let d(y) = -3*y - 24. Suppose -13*z - 12 = 53. Calculate d(z).
-9
Let w(a) = -6*a**2 + a + 1. Let c(b) = 6*b**2 + 7*b - 1. Let n be c(-1). Calculate w(n).
-25
Let z be (3 - 2)*-4*9/(-12). Let w(d) = -z + 5*d - 7*d + 4*d. Determine w(-5).
-13
Let h(l) = 0*l + 3 - l**2 - 2*l**3 - 5 - 2*l. Let d = -188 - -186. Give h(d).
14
Let c(d) = d**2 + d + 1. Let j = -832 - -835. Determine c(j).
13
Let z(y) = -20*y - 1. Let f be (2/(-3))/((-10)/375). Suppose l = 4*g - 21, 7*l - 4*g = 2*l - f. Calculate z(l).
19
Suppose -3*m + 2 = -b - 2, -4*m = -5*b - 9. Suppose i - 4*i + 9 = 0. Let f(v) = v**2 - v**i - 3*v + 4*v - 2*v + 5*v**3. Determine f(m).
4
Suppose 4*b - 5*f + 24 = 0, 4*b = -f + 2*f - 24. Let z(s) = 4*s + 59. Let r be z(-13). Let u(o) = 7 + 100*o**2 - 99*o**2 - 3 + r*o. What is u(b)?
-2
Let d(o) = o**3 + 4*o**2 + 2*o + 5. Let m be d(-4). Let u = 4 - m. Let w(f) = 2 - 3*f - u + 3 + f. What is w(3)?
-8
Let r(y) = -2*y - 3. Suppose -i + 2*g - 12 = 0, -2*i + 9 = -3*i - g. Let m be 5/(75/i)*15/2. Calculate r(m).
7
Suppose 0*q = 4*q - 8, b + 78 = q. Let u = b + 76. Let x(o) = -o + 4. Give x(u).
4
Let g = -672 + 672. Let n(s) be the first derivative of -s**3/3 + s**2/2 - 4*s - 2. Give n(g).
-4
Let f(r) = -r**2 - 5*r + 4. Suppose 60*j = -164 - 316. Determine f(j).
-20
Let g(d) = -d**3 - 14*d**2 + 15*d + 6. Let r be -9 + (-4 - -4 - 6). Calculate g(r).
6
Let b(v) = 2*v - 16. Let h(d) = -2*d - 1. Let t(m) = -b(m) - 2*h(m). Determine t(-16).
-14
Let z(o) = 6*o + 2. Let j(v) be the third derivative of v**4/12 - 2*v**3/3 + 3*v**2. Let n be j(1). Give z(n).
-10
Let v = 1123 + -1111. Let a(g) = 4*g - 43. What is a(v)?
5
Let x(v) = v**2 - 1 + 2*v - 2 + 0*v**2. Suppose 3*m - i = -9, 13 = -5*m - i - 10. Give x(m).
5
Let a = 807 - 802. Let x(w) = -6*w - 2. What is x(a)?
-32
Suppose 0 = -12*a - 34 - 2. Let v(h) = 2*h**2 + 2*h - 3. What is v(a)?
9
Let a(p) be the second derivative of 1/12*p**4 + p**2 - 9*p + 0 - 1/3*p**3. Give a(4).
10
Let j = 18 - -18. Suppose 0 = -5*i + j - 11. Let b(r) be the second derivative of r**3/6 - 3*r**2/2 - r. Calculate b(i).
2
Let z(c) be the second derivative of -3*c**4/4 + c**3/6 + 4*c + 35. Determine z(-2).
-38
Suppose 0 = -2*a + 2. Let j(v) = -v**2 + 1. Let p(o) = 10 - 890*o + 0 - 5*o**2 + 892*o. Let z(d) = a*p(d) - 6*j(d). Calculate z(-4).
12
Let l(k) = 6*k + 10. Let s(h) = 7*h + 12. Let q(u) = 6*l(u) - 5*s(u). Determine q(-3).
-3
Let o = -407 - -414. Let i(l) be the first derivative of o*l + 3*l**2 - 14 - 1/4*l**4 + 5/3*l**3. Calculate i(6).
7
Let q(s) = -7*s - 2. Let h be ((-1)/((-15)/12))/((-26)/65). Calculate q(h).
12
Let z = -4 - -10. Let d(g) = -18*g. Let t(m) = 33*m - 7. Let c(a) = 2*d(a) + t(a). Give c(z).
-25
Let n(p) = -11*p + 171. Let m be n(16). Let h(q) = -2*q - 16. Determine h(m).
-6
Let i(k) be the third derivative of -k**5/60 - 7*k**3/6 - 185*k**2. Calculate i(0).
-7
Suppose 0 = -12*t + 19*t + 28. Let c(x) = -x**3 - 5*x**2 - 4*x + 3. Calculate c(t).
3
Suppose c = -4*c - 5. Let q(l) = 4*l + 1 + 7 + 5 - 15. Let g(y) = y - 1. Let s(v) = -3*g(v) + q(v). What is s(c)?
0
Let s(h) be the second derivative of h**4/6 - h**3/6 + h**2/2 + 72*h. Calculate s(1).
2
Suppose -3*g + 48 + 6 = 0. Let w(m) = m + 2 + 13*m**2 - 4*m**3 - g*m**2 + 3*m**3 + 8*m**2. Suppose n + 2 = 5. Give w(n).
5
Suppose 10 = b + 2*g, b + 5 = 5*g - 6. Let d(x) = -3*x**3 - 3*x**2 + 8*x + 2. Let f(r) = -2*r**3 - 4*r**2 + 8*r + 1. Let k(c) = b*f(c) - 3*d(c). What is k(6)?
10
Let a(p) be the second derivative of -p**4/6 + p**3/2 + 3*p**2/2 - 5*p. Suppose -35 = -5*h - 5*l, 3*h - 4*h = -2*l - 7. Suppose -4*o = h + 1. What is a(o)?
-11
Suppose 4*n + 0*n + 17 = -5*t, 5*n = 4*t + 30. Let m(j) = 5*j**2 - 4*j + 5. Let z(c) = 26*c**2 - 20*c + 26. Let p(v) = 11*m(v) - 2*z(v). Give p(n).
7
Let v(k) = -2*k. Suppose -c + 28 = 5*i, c - 4*c + 9 = 0. Let o = 8 - i. Suppose -4*b = 3*n + 11, -3*b - n - o = -b. Give v(b).
-2
Let k(g) = 7*g - 9. Let r be k(2). Let a(n) = -3*n**3 + 2*n**3 + 7*n + 2*n**2 - r*n**2. What is a(-5)?
15
Let d(u) = -41*u**3 - 36*u**2 + 31*u - 19. Let n(q) = -9*q**3 - 9*q**2 + 8*q - 5. Let t(v) = 2*d(v) - 9*n(v). Give t(8).
-9
Let o(u) = 14*u**2 - 5*u + 6. Let j be o(2). Let q = j - 57. Let c(m) be the first derivative of m**2/2 + 3*m - 1. Determine c(q).
-2
Let u = 45 + -43. Let t(c) = 2*c - 2*c**2 + c + u - 4*c + c**2. What is t(0)?
2
Let c(o) = -28 - 28 - 31 + 122 - 8*o - 28. Calculate c(5).
-33
Let f(p) = -1 + 438*p + 8 + 2 - 442*p + 4*p**2. Let i(c) = -3*c**2 + 4*c - 8. Let y(t) = 4*f(t) + 5*i(t). Let a be ((-1)/2)/(2/16). What is y(a)?
-4
Suppose 0 = 3*n + 4 + 11. Let r = 32 + -35. Let h(c) = 4*c**2 + c - 1. Let b(t) = -t**2 + t. Let k(a) = r*b(a) - h(a). What is k(n)?
-4
Let v(j) = 3*j - 8. Let p = -87 + 81. What is v(p)?
-26
Let t(g) = -g + 1. Let n(z) = 2*z**2 - 15*z + 6. Let w be n(7). Let i be 1/(w + (-12)/(-15)). Let f(j) = -14*j + 6. Let s(d) = i*t(d) + f(d). What is s(-1)?
10
Let a(n) = 50*n - 1 + 28*n - 94*n + 2*n**2 + 36*n. What is a(-10)?
-1
Let k be -1*-2*(-3)/(-3). Let a(v) = -5*v - v**3 + 33*v**k - 10*v**2 - 17*v**2 - 3. Let z be (-27)/(-5) + (-4)/10. Give a(z).
-3
Let n(d) be the third derivative of -d**5/60 + d**4/6 - d**3/6 - d**2. Suppose 3*j - 7 = 11. Suppose 2*p - 4*c + j = -0, -4*p + 3*c = -3. Give n(p).
2
Let n = -23 + 9. Let m = 17 + n. Let r(b) = 3 - 3*b**2 + 0*b**2 + m*b**2 - 4*b + b**2. What is r(5)?
8
Let n(l) = l**2 + 7*l - 6. Suppose u = -2, 2*c + 0*u + 6 = -5*u. Suppose 4*g + c*g = -48. Calculate n(g).
2
Let l(n) = -n**2 + 6*n - 1. Let x(k) = k**2 + 25*k + 71. Let u be x(-22). Give l(u).
4
Let u(f) be the first derivative of 24 + 3/2*f**2 - 2*f. Determine u(-2).
-8
Suppose 0 = -j - 4*j + 4*h + 17, 3*h + 19 = 5*j. Let q = -1 + j. Let k(o) be the second derivative of o**3/6 - 7*o**2/2 + 9*o. Determine k(q).
-3
Let v(p) be the first derivative of p**4/4 - 7*p**3/3 + 2*p**2 + p + 225. What is v(7)?
29
Suppose -4*r + 13*r = 54. Let u(n) = 2*n**2 + 4*n - 2*n - 4*n**2 + n**2. Determine u(r).
-24
Let v(h) = 2*h + 9. Suppose 141*l - 49 = 148*l. Determine v(l).
-5
Let o(x) = 28 + 34*x + 7 - 29*x. Let l(q) = 2*q + 17. Let t(g) = -9*l(g) + 4*o(g). Give t(10).
7
Suppose -q + 8 = 4*w + 2, -8 = -5*w - q. Let c(x) = -7 + 32*x**w + 5*x + 4*x - 33*x**2. Calculate c(7).
7
Let t(h) = -h**3 - 6*h**2 - 8*h - 5. Let v(n) = 2*n - 3. Let k be v(4). Suppose -k = -5*b + 3*z - 21, -z = b + 8. Give t(b).
10
Let o(l) = -l**3 - 5*l**2 - 2*l + 1. Let n(r) = 3 + 0*r + 0*r + 0*r - r**2 - 6*r. Let q be n(-7). Let j be (-17)/4 - 1/q. What is o(j)?
-7
Let b(q